0110101101001
-10606437 (base 9) to base 11
-29a2291
Convert 7a639 (base 14) to base 10.
297579
Convert 108778 (base 9) to base 4.
33333233
-e80a (base 16) to base 15
-12902
Convert 121022201101021 (base 3) to base 15.
b653ed
What is -11111112102 (base 3) in base 8?
-255026
What is 3402233344 (base 5) in base 13?
171342a
11618545 (base 9) to base 13
123c07a
Convert 1e3ec7 (base 15) to base 11.
922158
What is 202010111 (base 4) in base 16?
22115
Convert -8206b (base 12) to base 6.
-3344215
110002121102 (base 3) to base 2
111010001000010001
2c381 (base 14) to base 13
3b380
Convert -2401100022 (base 5) to base 9.
-11283405
Convert 120002201120020 (base 3) to base 16.
7a749b
Convert a3c31 (base 16) to base 2.
10100011110000110001
-120121231132 (base 4) to base 14
-bc727c
-247279 (base 11) to base 6
-12210555
Convert -2240569 (base 11) to base 2.
-1110111110000111110100
Convert -13402223 (base 5) to base 12.
-67905
What is 8211360 (base 9) in base 3?
22020101102000
-105397 (base 10) to base 11
-72206
Convert -2369b (base 13) to base 16.
-fd57
What is -2211202120111 (base 3) in base 4?
-11300313322
Convert 5a40785 (base 11) to base 3.
201210212110020
-422ab6 (base 15) to base 11
-1860097
Convert -1122000112001 (base 3) to base 12.
-3594a7
Convert 6265132 (base 8) to base 15.
22d7bb
What is 167386 (base 9) in base 8?
312637
What is 4310241421 (base 5) in base 9?
18055658
What is 111112111 (base 3) in base 5?
303433
5034 (base 16) to base 6
235020
Convert 106401 (base 7) to base 13.
88a4
What is -12246f (base 16) in base 9?
-2211863
Convert -113232333 (base 4) to base 3.
-11221100120
1163132 (base 7) to base 13
53348
What is -1001010010100010101000 (base 2) in base 13?
-673592
What is 4573045 (base 9) in base 13?
685b59
What is 30134411 (base 5) in base 13?
85301
Convert 81154 (base 14) to base 8.
1136106
948a25 (base 11) to base 8
5630444
What is 1100011011101100001001 (base 2) in base 7?
36462611
-3145416 (base 13) to base 12
-5023750
What is 44d7b3 (base 14) in base 16?
23bd11
Convert -4184082 (base 11) to base 12.
-2574b51
-5765 (base 13) to base 15
-396b
What is -13371498 (base 10) in base 14?
-1ac0dd0
115933 (base 11) to base 10
183472
214863 (base 9) to base 13
46509
Convert 1736c (base 16) to base 9.
154378
What is -391a4 (base 11) in base 14?
-1665b
129248 (base 11) to base 6
4201554
What is b101a (base 16) in base 15?
e4c48
What is 19565a6 (base 12) in base 7?
63251403
Convert -11551410 (base 6) to base 4.
-1122321132
Convert -48543 (base 12) to base 16.
-17d03
41092 (base 11) to base 2
1110101001011100
Convert 31330330 (base 4) to base 14.
16b80
What is -43990 (base 11) in base 6?
-1211041
What is -242242010 (base 5) in base 4?
-10110312311
What is -30334112 (base 6) in base 10?
-867932
What is -163544 (base 9) in base 13?
-36cbb
What is 14a935 (base 12) in base 11?
21a28a
c3804 (base 14) to base 10
470796
Convert 500023025 (base 6) to base 8.
40030671
1434428 (base 9) to base 11
49aa85
113203301 (base 5) to base 6
15110102
44040344 (base 5) to base 12
162627
Convert 350548 (base 10) to base 8.
1254524
What is 1011101111100000111 (base 2) in base 16?
5df07
-1000000101101111111 (base 2) to base 4
-1000231333
Convert -6471452 (base 8) to base 12.
-6b7176
Convert 9597 (base 12) to base 13.
75c7
What is 11100101011010011 (base 2) in base 14?
30b3d
1c0eba (base 15) to base 14
2794b6
Convert -16a2864 (base 12) to base 11.
-2714484
100103131 (base 4) to base 12
32791
What is 56343571 (base 8) in base 3?
211220120021021
7276 (base 12) to base 15
3a69
What is -1115314 (base 9) in base 6?
-20514104
1b436d (base 15) to base 7
14211043
Convert -41a9c7 (base 14) to base 10.
-2219091
1953a87 (base 12) to base 11
3014a1a
What is -16418 (base 13) in base 10?
-42440
Convert 776579 (base 12) to base 6.
104403433
What is 2aad24 (base 14) in base 16?
16bba4
24207 (base 11) to base 10
34855
Convert 11000101000000100 (base 2) to base 3.
12010100212
What is -695494 (base 10) in base 5?
-134223434
Convert -a04165 (base 11) to base 7.
-16510306
What is -20565765 (base 8) in base 10?
-4385781
Convert -5a5265 (base 11) to base 10.
-958633
Convert 35403200 (base 9) to base 12.
5937669
Convert -105d3 (base 16) to base 3.
-10101221111
-12444253 (base 6) to base 2
-1100100001110001001
What is -11311444312 (base 5) in base 6?
-1142344553
Convert -eea3b (base 15) to base 4.
-2321020202
What is -62453 (base 9) in base 11?
-28a51
-103012200 (base 5) to base 10
-438425
Convert -58270 (base 10) to base 7.
-331612
Convert 316a45 (base 11) to base 2.
1111011110010011111
What is 92584 (base 11) in base 3?
20212100202
What is -b8ce (base 15) in base 3?
-1222122212
Convert -1046388 (base 10) to base 9.
-1864333
What is -930b (base 13) in base 8?
-47503
Convert 313131302 (base 4) to base 14.
5cb18
Convert 466b (base 15) to base 14.
563d
-5c45c (base 16) to base 12
-162878
What is -31214416 (base 7) in base 14?
-4c4d46
What is 103312335 (base 6) in base 3?
10110201112212
11ab6b (base 12) to base 4
1012130003
5062266 (base 8) to base 14
26b0c6
What is 10626211 (base 7) in base 11?
586813
Convert 10001122111 (base 4) to base 5.
232214412
Convert -452627 (base 9) to base 12.
-11098a
What is 35334325 (base 6) in base 9?
2057618
Convert -1110001011011110010100 (base 2) to base 4.
-32023132110
Convert 4684731 (base 10) to base 3.
22211000020120
237588 (base 9) to base 4
203000021
Convert 28c3 (base 14) to base 3.
100220200
What is 617999 (base 11) in base 7?
11266362
Convert 10111100101101101000 (base 2) to base 15.
104063
-32211330132 (base 4) to base 7
-44341611
998249 (base 10) to base 9
1781305
14b599 (base 14) to base 6
23254123
Convert 101011101011101000000 (base 2) to base 11.
898447
128664 (base 11) to base 2
110001010000110001
8c4cd (base 16) to base 15
b5414
101122300 (base 5) to base 3
202212201101
Convert 1101101200001 (base 3) to base 4.
2303230300
-11104152 (base 6) to base 5
-41212200
-aa7f (base 16) to base 4
-22221333
What is -711403 (base 8) in base 12?
-b3683
What is 10011010111011110001 (base 2) in base 8?
2327361
75778 (base 11) to base 6
2205334
22111120122012 (base 3) to base 15
5e3d8b
What is 2470bb (base 12) in base 16?
90bcf
Convert 20531673 (base 9) to base 7.
146665632
What is -8143d3 (base 14) in base 6?
-233143353
What is -732287 (base 10) in base 3?
-1101012111202
What is -23054532 (base 6) in base 8?
-2545470
1000000101001000010101 (base 2) to base 12
861959
What is -7411176 (base 8) in base 3?
-10201010110010
What is -801ca0 (base 15) in base 12?
-2053289
-2dac04 (base 16) to base 13
-80a4ca
-1ad4d (base 14) to base 2
-10000101101111001
What is 1006142 (base 7) in base 15?
2575b
-537380 (base 10) to base 13
-15a79c
-1582d1 (base 15) to base 14
-1d10c2
-586375 (base 9) to base 3
-122220102112
What is -f8cd5 (base 16) in base 5?
-230102333
Convert -2253774 (base 9) to base 2.
-100101001000001011110
What is -110001011010010011 (base 2) in base 15?
-3ee77
What is 2807301 (base 10) in base 2?
1010101101011000000101
Convert -2021110200021 (base 3) to base 11.
-757023
What is -2bbc8 (base 15) in base 10?
-141038
What is -110101102021 (base 3) in base 5?
-30300130
-10111201100110 (base 3) to base 11
-1063756
118849 (base 11) to base 2
101101101111100001
What is -72b1 (base 13) in base 2?
-11110111110101
What is -30331352 (base 6) in base 5?
-210224010
What is -1321101102 (base 4) in base 12?
-1bb556
9c0ae (base 15) to base 2
1111001001010100001
Convert 46c798 (base 15) to base 6.
200304112
Convert 2401032230 (base 5) to base 6.
313332433
Convert 31340125 (base 8) to base 9.
13483253
210220122000 (base 3) to base 16
694c2
What is 217484 (base 11) in base 6?
11232444
4421143 (base 8) to base 15
187201
What is 1011c (base 14) in base 15?
b6ad
d3d974 (base 15) to base 16
99a6ff
What is 1a72656 (base 13) in base 9?
17408067
Convert 12c1ba (base 15) to base 16.
dc195
What is -13406348 (base 9) in base 11?
-381034a
Convert -11100111011001001101 (base 2) to base 8.
-3473115
What is 2110211222021 (base 3) in base 14?
263757
Convert -1120122010210 (base 3) to base 2.
-11001100111000001101
34341053 (base 6) to base 5
232231233
What is 7114090 (base 10) in base 4?
123020311222
Convert -5cd16 (base 14) to base 16.
-378f8
Convert 93157 (base 10) to base 9.
151707
Convert 52